{"id":627,"date":"2019-02-04T10:50:50","date_gmt":"2019-02-04T10:50:50","guid":{"rendered":"http:\/\/hestiafundacion.org\/?page_id=627"},"modified":"2024-07-09T12:04:00","modified_gmt":"2024-07-09T10:04:00","slug":"politica-de-privacitat","status":"publish","type":"page","link":"http:\/\/hestiafundacion.org\/ca\/politica-de-privacitat\/","title":{"rendered":"Pol\u00edtica de privacitat"},"content":{"rendered":"<p>[vc_row css_animation=&#8221;&#8221; row_type=&#8221;row&#8221; use_row_as_full_screen_section=&#8221;no&#8221; type=&#8221;full_width&#8221; angled_section=&#8221;no&#8221; text_align=&#8221;left&#8221; background_image_as_pattern=&#8221;without_pattern&#8221; el_class=&#8221;parra&#8221; z_index=&#8221;&#8221;][vc_column][vc_column_text]La confidencialitat de les teves dades personals \u00e9s un aspecte fonamental per a la FUNDACI\u00d3 HESTIA.<\/p>\n<p>En fer \u00fas d\u2019aquesta Web i dels serveis que s\u2019hi ofereixen, l\u2019usuari accepta quedar vinculat a les condicions de la present Pol\u00edtica.<\/p>\n<p>Aquesta pol\u00edtica est\u00e0 dirigida a explicar com i per a quins prop\u00f2sits utilitzem la informaci\u00f3 proporcionada. A aquests efectes, preguem que llegeixis atentament aquesta Pol\u00edtica de Privadesa.<\/p>\n<p>&nbsp;<\/p>\n<p>La <strong>FUNDACI\u00d3 HESTIA<\/strong> es reserva el dret de modificar la present pol\u00edtica de privadesa d\u2019acord amb el seu propi criteri, o motivat per un canvi legal, jurisprudencial, o doctrinal de l\u2019Ag\u00e8ncia Espanyola de Protecci\u00f3 de Dades. L\u2019\u00fas de la web despr\u00e9s dels canvis implicar\u00e0 l\u2019acceptaci\u00f3 dels mateixos.<\/p>\n<p>En cas de dubte en relaci\u00f3 amb la present Pol\u00edtica de Privadesa, pots contactar amb el Delegat de Protecci\u00f3 de Dades per correu electr\u00f2nic a arj@gruprl.com.<\/p>\n<p>&nbsp;<\/p>\n<p><strong>Qui \u00e9s el responsable?<\/strong><\/p>\n<p>FUNDACI\u00d3 HESTIA, amb CIF: G61513958, domicili a CARRER DOCTOR ARCE 10 PLANTA BAIXA 28002, Madrid.<\/p>\n<p>&nbsp;<\/p>\n<p><strong>Com hem obtingut les teves dades personals?<\/strong><\/p>\n<p>Hem obtingut les teves dades de car\u00e0cter personal a trav\u00e9s de les relacions pr\u00e8vies o actuals que has mantingut o mantens amb la FUNDACI\u00d3 HESTIA: com a receptor dels nostres serveis, com a participant de les nostres campanyes, com a donant o perqu\u00e8 ens hagis sol\u00b7licitat informaci\u00f3 sobre els serveis, activitats i campanyes de la <strong>FUNDACI\u00d3 HESTIA<\/strong>.<\/p>\n<p>La <strong>FUNDACI\u00d3 HESTIA<\/strong> est\u00e0 legitimada per recollir les teves dades com a conseq\u00fc\u00e8ncia de les obligacions contractuals d\u2019aquesta relaci\u00f3 o derivades del consentiment atorgat per l&#8217;interessat.<\/p>\n<p>&nbsp;<\/p>\n<p>Aquestes dades s\u00f3n les adequades per als fins que es descriuen en el punt seg\u00fcent.<\/p>\n<p>&nbsp;<\/p>\n<p>Tindr\u00e0s dret a retirar el teu consentiment en qualsevol moment al domicili social de la FUNDACI\u00d3 HESTIA, CALLE DOCTOR ARCE 10 PLANTA BAJA 28002, Madrid i\/o mitjan\u00e7ant correu electr\u00f2nic a l\u2019adre\u00e7a arj@gruprl.com. La retirada del consentiment no afectar\u00e0 la licitud del tractament basat en el consentiment previ a la seva retirada, i tindr\u00e0 com a conseq\u00fc\u00e8ncia la impossibilitat de mantenir la relaci\u00f3 o prestaci\u00f3 del servei, si escau.<\/p>\n<p>&nbsp;<\/p>\n<p><strong>Amb quina finalitat tractem les teves dades i fins quan?<\/strong><\/p>\n<p>La informaci\u00f3 que ens has facilitat o puguis facilitar-nos en el futur s\u2019utilitza estrictament per als seg\u00fcents prop\u00f2sits, segons correspongui:<\/p>\n<p>&nbsp;<\/p>\n<p>\u2022 Processar les teves consultes i\/o sol\u00b7licituds;<br \/>\n\u2022 Complir les diferents obligacions legals de la FUNDACI\u00d3 HESTIA.<\/p>\n<p>&nbsp;<\/p>\n<p><strong>Termini de conservaci\u00f3 de la informaci\u00f3<\/strong><\/p>\n<p>Les teves dades seran conservades mentre es mantingui vigent la finalitat per la qual van ser recollides, sempre que no hi hagi una norma legal que exigeixi un major termini de conservaci\u00f3. Si fos aquest el cas, es procedir\u00e0 al bloqueig de les dades un cop complerta la finalitat fins que hagi transcorregut el termini legal preceptiu. En cas que el tractament de les dades es basi en el consentiment atorgat, aquestes seran eliminades un cop es revoqui el consentiment. Posteriorment les dades recollides seran destru\u00efdes amb garanties de privadesa.<\/p>\n<p>&nbsp;<\/p>\n<p><strong>A qui podem facilitar les teves dades i per qu\u00e8?<\/strong><\/p>\n<p>Les teves dades podran ser cedides als seg\u00fcents destinataris amb els motius que es consignen:<\/p>\n<p>\u2022 Prove\u00efdors que necessitin accedir a les dades per la prestaci\u00f3 de serveis que la <strong>FUNDACI\u00d3 HESTIA<\/strong> els hagi contractat: empreses prestadores de serveis d\u2019IT i assessorament, tercers que ens ajudin a proporcionar serveis digitals i campanyes que ens ajudin a promocionar els nostres serveis i tercers que realitzin treballs d\u2019estad\u00edstica. La <strong>FUNDACI\u00d3 HESTIA<\/strong> t\u00e9 subscrits amb tots ells els contractes de confidencialitat i tractament de dades personals exigits per la normativa de protecci\u00f3 de la privadesa.<\/p>\n<p>\u2022 Administracions P\u00fabliques: per al compliment de les obligacions legals a les quals la FUNDACI\u00d3 HESTIA est\u00e0 subjecta per la seva activitat.<\/p>\n<p>\u2022 Terceres persones que, de forma raonable, necessitin tenir acc\u00e9s a les teves dades de car\u00e0cter personal per una o m\u00e9s de les finalitats descrites.<\/p>\n<p>&nbsp;<\/p>\n<p><strong>Quines mesures de seguretat apliquem?<\/strong><\/p>\n<p>S\u2019han adoptat totes les mesures t\u00e8cniques i organitzatives necess\u00e0ries per mantenir el nivell de seguretat requerit en atenci\u00f3 a la naturalesa de les dades personals tractades.<\/p>\n<p>&nbsp;<\/p>\n<p>La <strong>FUNDACI\u00d3 HESTIA<\/strong> posa de manifest el seu comprom\u00eds amb la protecci\u00f3 de les dades personals i la privadesa dels usuaris, i porta a terme les mesures de seguretat t\u00e8cniques necess\u00e0ries per evitar-ne la p\u00e8rdua, manipulaci\u00f3, difusi\u00f3 o alteraci\u00f3.<\/p>\n<p>&nbsp;<\/p>\n<p><strong>Quins s\u00f3n els teus drets?<\/strong><\/p>\n<p>Com a interessat directe, tens dret a obtenir confirmaci\u00f3 sobre si els responsables estem tractant dades personals que et concerneixen, o no. Pots exercir el dret d\u2019acc\u00e9s, rectificaci\u00f3, supressi\u00f3, portabilitat, limitaci\u00f3, oposici\u00f3 i a no ser objecte de decisions individualitzades automatitzades.<br \/>\nPer exercir aquests drets, pots dirigir-te mitjan\u00e7ant comunicaci\u00f3 escrita a la FUNDACI\u00d3 HESTIA, Ref. Protecci\u00f3 de dades, CALLE DOCTOR ARCE 10 PLANTA BAJA 28002, Madrid, o b\u00e9 per correu electr\u00f2nic a arj@gruprl.com. Per a l\u2019exercici d\u2019aquests drets ser\u00e0 necessari adjuntar una c\u00f2pia del DNI. Per a qualsevol q\u00fcesti\u00f3 relativa a aquest tractament de dades pots dirigir-te al Delegat de Protecci\u00f3 de Dades, per correu electr\u00f2nic a arj@gruprl.com.<br \/>\nFinalment, et recordem el teu dret a presentar una reclamaci\u00f3 davant l\u2019Ag\u00e8ncia Espanyola de Protecci\u00f3 de Dades en aquells sup\u00f2sits en els quals es produeixi una vulneraci\u00f3 de la normativa de protecci\u00f3 de dades aplicable.[\/vc_column_text][vc_empty_space height=&#8221;80px&#8221;][\/vc_column][\/vc_row]<\/p>\n","protected":false},"excerpt":{"rendered":"<p>[vc_row css_animation=&#8221;&#8221; row_type=&#8221;row&#8221; use_row_as_full_screen_section=&#8221;no&#8221; type=&#8221;full_width&#8221; angled_section=&#8221;no&#8221; text_align=&#8221;left&#8221; background_image_as_pattern=&#8221;without_pattern&#8221; el_class=&#8221;parra&#8221; z_index=&#8221;&#8221;][vc_column][vc_column_text]La confidencialitat de les teves dades personals \u00e9s un aspecte fonamental per a la FUNDACI\u00d3 HESTIA. En fer \u00fas d\u2019aquesta Web i dels serveis que s\u2019hi ofereixen, l\u2019usuari accepta quedar vinculat a les condicions de la&#8230;<\/p>\n","protected":false},"author":1,"featured_media":0,"parent":0,"menu_order":0,"comment_status":"closed","ping_status":"closed","template":"","meta":[],"_links":{"self":[{"href":"http:\/\/hestiafundacion.org\/ca\/wp-json\/wp\/v2\/pages\/627\/"}],"collection":[{"href":"http:\/\/hestiafundacion.org\/ca\/wp-json\/wp\/v2\/pages\/"}],"about":[{"href":"http:\/\/hestiafundacion.org\/ca\/wp-json\/wp\/v2\/types\/page\/"}],"author":[{"embeddable":true,"href":"http:\/\/hestiafundacion.org\/ca\/wp-json\/wp\/v2\/users\/1\/"}],"replies":[{"embeddable":true,"href":"http:\/\/hestiafundacion.org\/ca\/wp-json\/wp\/v2\/comments\/?post=627"}],"version-history":[{"count":3,"href":"http:\/\/hestiafundacion.org\/ca\/wp-json\/wp\/v2\/pages\/627\/revisions\/"}],"predecessor-version":[{"id":6133,"href":"http:\/\/hestiafundacion.org\/ca\/wp-json\/wp\/v2\/pages\/627\/revisions\/6133\/"}],"wp:attachment":[{"href":"http:\/\/hestiafundacion.org\/ca\/wp-json\/wp\/v2\/media\/?parent=627"}],"curies":[{"name":"wp","href":"https:\/\/api.w.org\/{rel}","templated":true}]}}

Política de privacitat

<p>[vc_row css_animation=&#8221;&#8221; row_type=&#8221;row&#8221; use_row_as_full_screen_section=&#8221;no&#8221; type=&#8221;full_width&#8221; angled_section=&#8221;no&#8221; text_align=&#8221;left&#8221; background_image_as_pattern=&#8221;without_pattern&#8221; el_class=&#8221;parra&#8221; z_index=&#8221;&#8221;][vc_column][vc_column_text]La confidencialitat de les teves dades personals és un aspecte fonamental per a la FUNDACIÓ HESTIA.</p>
<p>En fer ús d’aquesta Web i dels serveis que s’hi ofereixen, l’usuari accepta quedar vinculat a les condicions de la present Política.</p>
<p>Aquesta política està dirigida a explicar com i per a quins propòsits utilitzem la informació proporcionada. A aquests efectes, preguem que llegeixis atentament aquesta Política de Privadesa.</p>
<p>&nbsp;</p>
<p>La <strong>FUNDACIÓ HESTIA</strong> es reserva el dret de modificar la present política de privadesa d’acord amb el seu propi criteri, o motivat per un canvi legal, jurisprudencial, o doctrinal de l’Agència Espanyola de Protecció de Dades. L’ús de la web després dels canvis implicarà l’acceptació dels mateixos.</p>
<p>En cas de dubte en relació amb la present Política de Privadesa, pots contactar amb el Delegat de Protecció de Dades per correu electrònic a arj@gruprl.com.</p>
<p>&nbsp;</p>
<p><strong>Qui és el responsable?</strong></p>
<p>FUNDACIÓ HESTIA, amb CIF: G61513958, domicili a CARRER DOCTOR ARCE 10 PLANTA BAIXA 28002, Madrid.</p>
<p>&nbsp;</p>
<p><strong>Com hem obtingut les teves dades personals?</strong></p>
<p>Hem obtingut les teves dades de caràcter personal a través de les relacions prèvies o actuals que has mantingut o mantens amb la FUNDACIÓ HESTIA: com a receptor dels nostres serveis, com a participant de les nostres campanyes, com a donant o perquè ens hagis sol·licitat informació sobre els serveis, activitats i campanyes de la <strong>FUNDACIÓ HESTIA</strong>.</p>
<p>La <strong>FUNDACIÓ HESTIA</strong> està legitimada per recollir les teves dades com a conseqüència de les obligacions contractuals d’aquesta relació o derivades del consentiment atorgat per l&#8217;interessat.</p>
<p>&nbsp;</p>
<p>Aquestes dades són les adequades per als fins que es descriuen en el punt següent.</p>
<p>&nbsp;</p>
<p>Tindràs dret a retirar el teu consentiment en qualsevol moment al domicili social de la FUNDACIÓ HESTIA, CALLE DOCTOR ARCE 10 PLANTA BAJA 28002, Madrid i/o mitjançant correu electrònic a l’adreça arj@gruprl.com. La retirada del consentiment no afectarà la licitud del tractament basat en el consentiment previ a la seva retirada, i tindrà com a conseqüència la impossibilitat de mantenir la relació o prestació del servei, si escau.</p>
<p>&nbsp;</p>
<p><strong>Amb quina finalitat tractem les teves dades i fins quan?</strong></p>
<p>La informació que ens has facilitat o puguis facilitar-nos en el futur s’utilitza estrictament per als següents propòsits, segons correspongui:</p>
<p>&nbsp;</p>
<p>• Processar les teves consultes i/o sol·licituds;<br />
• Complir les diferents obligacions legals de la FUNDACIÓ HESTIA.</p>
<p>&nbsp;</p>
<p><strong>Termini de conservació de la informació</strong></p>
<p>Les teves dades seran conservades mentre es mantingui vigent la finalitat per la qual van ser recollides, sempre que no hi hagi una norma legal que exigeixi un major termini de conservació. Si fos aquest el cas, es procedirà al bloqueig de les dades un cop complerta la finalitat fins que hagi transcorregut el termini legal preceptiu. En cas que el tractament de les dades es basi en el consentiment atorgat, aquestes seran eliminades un cop es revoqui el consentiment. Posteriorment les dades recollides seran destruïdes amb garanties de privadesa.</p>
<p>&nbsp;</p>
<p><strong>A qui podem facilitar les teves dades i per què?</strong></p>
<p>Les teves dades podran ser cedides als següents destinataris amb els motius que es consignen:</p>
<p>• Proveïdors que necessitin accedir a les dades per la prestació de serveis que la <strong>FUNDACIÓ HESTIA</strong> els hagi contractat: empreses prestadores de serveis d’IT i assessorament, tercers que ens ajudin a proporcionar serveis digitals i campanyes que ens ajudin a promocionar els nostres serveis i tercers que realitzin treballs d’estadística. La <strong>FUNDACIÓ HESTIA</strong> té subscrits amb tots ells els contractes de confidencialitat i tractament de dades personals exigits per la normativa de protecció de la privadesa.</p>
<p>• Administracions Públiques: per al compliment de les obligacions legals a les quals la FUNDACIÓ HESTIA està subjecta per la seva activitat.</p>
<p>• Terceres persones que, de forma raonable, necessitin tenir accés a les teves dades de caràcter personal per una o més de les finalitats descrites.</p>
<p>&nbsp;</p>
<p><strong>Quines mesures de seguretat apliquem?</strong></p>
<p>S’han adoptat totes les mesures tècniques i organitzatives necessàries per mantenir el nivell de seguretat requerit en atenció a la naturalesa de les dades personals tractades.</p>
<p>&nbsp;</p>
<p>La <strong>FUNDACIÓ HESTIA</strong> posa de manifest el seu compromís amb la protecció de les dades personals i la privadesa dels usuaris, i porta a terme les mesures de seguretat tècniques necessàries per evitar-ne la pèrdua, manipulació, difusió o alteració.</p>
<p>&nbsp;</p>
<p><strong>Quins són els teus drets?</strong></p>
<p>Com a interessat directe, tens dret a obtenir confirmació sobre si els responsables estem tractant dades personals que et concerneixen, o no. Pots exercir el dret d’accés, rectificació, supressió, portabilitat, limitació, oposició i a no ser objecte de decisions individualitzades automatitzades.<br />
Per exercir aquests drets, pots dirigir-te mitjançant comunicació escrita a la FUNDACIÓ HESTIA, Ref. Protecció de dades, CALLE DOCTOR ARCE 10 PLANTA BAJA 28002, Madrid, o bé per correu electrònic a arj@gruprl.com. Per a l’exercici d’aquests drets serà necessari adjuntar una còpia del DNI. Per a qualsevol qüestió relativa a aquest tractament de dades pots dirigir-te al Delegat de Protecció de Dades, per correu electrònic a arj@gruprl.com.<br />
Finalment, et recordem el teu dret a presentar una reclamació davant l’Agència Espanyola de Protecció de Dades en aquells supòsits en els quals es produeixi una vulneració de la normativa de protecció de dades aplicable.[/vc_column_text][vc_empty_space height=&#8221;80px&#8221;][/vc_column][/vc_row]</p>

<p>[vc_row css_animation=&#8221;&#8221; row_type=&#8221;row&#8221; use_row_as_full_screen_section=&#8221;no&#8221; type=&#8221;full_width&#8221; angled_section=&#8221;no&#8221; text_align=&#8221;left&#8221; background_image_as_pattern=&#8221;without_pattern&#8221; el_class=&#8221;parra&#8221; z_index=&#8221;&#8221;][vc_column][vc_column_text]La confidencialitat de les teves dades personals és un aspecte fonamental per a la FUNDACIÓ HESTIA. En fer ús d’aquesta Web i dels serveis que s’hi ofereixen, l’usuari accepta quedar vinculat a les condicions de la&#8230;</p>
